4.
177
Calculate the greatest common factor of 6896 and 1424.
16
Calculate the highest common divisor of 273 and 508053.
273
Calculate the highest common factor of 380 and 1925270.
190
What is the greatest common factor of 8986320 and 1680?
1680
Calculate the greatest common divisor of 528 and 503184.
528
Calculate the greatest common factor of 113542 and 44.
22
What is the greatest common divisor of 588 and 633031?
49
Calculate the highest common factor of 500 and 725300.
100
Calculate the greatest common factor of 63767 and 24684.
2057
Calculate the greatest common factor of 19738 and 6394.
278
Calculate the highest common divisor of 5216 and 3749.
163
What is the highest common factor of 176 and 76208?
176
Calculate the greatest common factor of 115 and 54533.
23
What is the highest common factor of 152 and 153368?
152
Calculate the highest common factor of 48360 and 4212.
156
Calculate the greatest common factor of 3 and 8517.
3
Calculate the highest common factor of 2350 and 3100.
50
Calculate the greatest common divisor of 68005 and 5.
5
What is the greatest common divisor of 3564 and 7776?
324
Calculate the greatest common factor of 121 and 8019.
11
Calculate the highest common factor of 214 and 9903706.
214
Calculate the highest common divisor of 9 and 273.
3
What is the greatest common divisor of 56007 and 54?
9
What is the highest common factor of 20 and 105580?
20
Calculate the greatest common divisor of 73906 and 7.
7
What is the highest common factor of 970 and 40910?
10
Calculate the greatest common divisor of 1698614 and 434.
62
Calculate the highest common factor of 195 and 79260.
15
What is the highest common divisor of 6557 and 160605?
83
Calculate the highest common factor of 92645 and 70.
35
Calculate the greatest common factor of 15028 and 52.
52
What is the greatest common divisor of 22568 and 3689?
217
What is the highest common factor of 5969 and 94?
47
Calculate the highest common divisor of 5372133 and 39.
39
What is the greatest common divisor of 9250 and 47000?
250
Calculate the highest common divisor of 3328 and 46891.
13
What is the greatest common factor of 32 and 24608?
32
Calculate the greatest common divisor of 121091 and 68.
17
Calculate the greatest common factor of 66 and 61014.
6
What is the greatest common factor of 158675 and 3?
1
Calculate the greatest common factor of 532 and 10976.
28
Calculate the greatest common factor of 8 and 6442.
2
Calculate the highest common divisor of 1010 and 500.
10
What is the greatest common divisor of 474 and 491380?
158
Calculate the highest common factor of 155952 and 864.
432
What is the greatest common factor of 47492 and 27959?
383
Calculate the greatest common divisor of 2187 and 49383.
27
Calculate the greatest common divisor of 52679 and 33.
11
What is the greatest common divisor of 54 and 8073?
27
What is the highest common factor of 2646 and 714?
42
What is the highest common divisor of 49775 and 275?
275
What is the greatest common factor of 10878 and 4704?
294
What is the highest common factor of 5500 and 365?
5
What is the greatest common divisor of 1600601 and 17?
17
What is the greatest common factor of 121344 and 2370?
474
What is the highest common divisor of 340 and 165070?
170
Calculate the greatest common divisor of 441 and 456939.
63
Calculate the highest common divisor of 4 and 10756.
4
What is the highest common divisor of 664592 and 1752?
584
Calculate the highest common factor of 205000 and 7216.
328
What is the greatest common factor of 728 and 413686?
182
Calculate the highest common factor of 3424 and 16384.
32
What is the greatest common divisor of 5340 and 435?
15
What is the greatest common factor of 3243 and 414?
69
Calculate the highest common divisor of 3771 and 9081.
9
What is the greatest common factor of 161909 and 359?
359
Calculate the highest common factor of 1225 and 387450.
175
Calculate the greatest common factor of 2674 and 182.
14
Calculate the highest common factor of 513 and 309567.
57
What is the highest common factor of 1438124 and 604?
604
What is the highest common factor of 37 and 128131?
37
What is the greatest common factor of 905076 and 4?
4
Calculate the highest common factor of 189728 and 22.
22
Calculate the highest common factor of 234022 and 34.
34
What is the highest common factor of 636 and 41128?
212
What is the highest common factor of 887 and 14?
1
Calculate the greatest common divisor of 225761 and 61.
61
What is the highest common factor of 780 and 56082?
78
What is the greatest common factor of 3520 and 54010?
110
Calculate the highest common factor of 3210 and 566886.
642
Calculate the greatest common factor of 16 and 1604.
4
What is the greatest common factor of 63 and 105609?
21
Calculate the greatest common factor of 21 and 720762.
21
Calculate the highest common factor of 475 and 126103.
19
What is the greatest common divisor of 13530 and 83160?
330
Calculate the greatest common divisor of 154 and 179102.
154
Calculate the greatest common factor of 100 and 2696150.
50
What is the greatest common divisor of 4265 and 2965?
5
What is the highest common factor of 4544 and 88040?
568
What is the greatest common divisor of 19113 and 712167?
831
Calculate the greatest common factor of 4725 and 400.
25
Calculate the greatest common factor of 224 and 752.
16
Calculate the greatest common factor of 157880 and 120.
40
Calculate the highest common factor of 3948 and 150.
6
What is the greatest common divisor of 264 and 738408?
264
What is the greatest common divisor of 72 and 883512?
72
Calculate the greatest common divisor of 12340 and 120.
20
What is the greatest common divisor of 924440 and 440?
440
What is the highest common divisor of 77545 and 130?
65
Calculate the greatest common factor of 88 and 5428874.
22
Calculate the highest common factor of 150543 and 4257.
387
Calculate the highest common factor of 1782081 and 1134.
567
Calculate the highest common divisor of 3888030 and 522.
174
What is the highest common divisor of 253410 and 30?
30
What is the greatest common divisor of 137708 and 597?
199
Calculate the greatest common factor of 12773507 and 191.
191
What is the highest common divisor of 184 and 129674?
46
What is the highest common factor of 306 and 1476?
18
What is the highest common factor of 18 and 20796?
6
What is the highest common factor of 108 and 1170396?
108
Calculate the greatest common factor of 74 and 1136714.
74
What is the greatest common factor of 22722869 and 757?
757
Calculate the highest common divisor of 9093 and 63.
21
Calculate the highest common factor of 7809 and 209.
19
What is the greatest common divisor of 78888 and 2850?
114
What is the highest common factor of 150 and 2050?
50
What is the greatest common divisor of 46282 and 146?
146
What is the highest common factor of 200 and 4175?
25
Calculate the highest common divisor of 111294 and 12137.
229
What is the greatest common divisor of 2400 and 153300?
300
What is the highest common divisor of 178942 and 7106?
646
What is the greatest common factor of 429179 and 163?
163
What is the highest common divisor of 342 and 9082?
38
What is the highest common factor of 240408 and 108?
108
Calculate the highest common divisor of 103114 and 286.
22
What is the highest common divisor of 630 and 132615?
315
Calculate the greatest common factor of 660 and 2247135.
165
Calculate the highest common factor of 31046 and 152.
38
Calculate the highest common factor of 1102695 and 231.
33
Calculate the highest common factor of 21671 and 559.
13
Calculate the highest common divisor of 48 and 609516.
12
What is the greatest common factor of 1139 and 2788?
17
What is the highest common factor of 107173 and 22?
11
What is the greatest common divisor of 4881 and 993?
3
Calculate the greatest common factor of 64 and 4952.
8
Calculate the highest common factor of 181 and 15385.
181
What is the highest common divisor of 81 and 245997?
81
What is the highest common factor of 7932 and 96?
12
What is the highest common divisor of 8003559 and 802?
401
Calculate the greatest common divisor of 8717 and 14023.
379
Calculate the highest common factor of 126 and 17244.
18
What is the highest common divisor of 755 and 10?
5
What is the highest comm